{"id":32,"date":"2024-12-03T00:39:00","date_gmt":"2024-12-02T23:39:00","guid":{"rendered":"https:\/\/opatstvi.magick.cz\/?page_id=32"},"modified":"2024-12-13T00:00:00","modified_gmt":"2024-12-12T23:00:00","slug":"historie","status":"publish","type":"page","link":"https:\/\/opatstvi.magick.cz\/?page_id=32","title":{"rendered":"Historie"},"content":{"rendered":"\n<p>Opatstv\u00ed thel\u00e9msk\u00e9 m\u00e1 historii kdy\u017e ne bohatou, tak jist\u011b dlouhou.<\/p>\n\n\n\n<h2 class=\"wp-block-heading\">Rabelais<\/h2>\n\n\n\n<p>Opatstv\u00ed thel\u00e9msk\u00e9 vymyslel v 16. stolet\u00ed francouzsk\u00fd spisovatel Francois Rabelais. Popsal je ve sv\u00e9m zvl\u00e1\u0161tn\u00edm rom\u00e1nu Gargantua a Pantagruel. Zd\u00e1nliv\u011b fantastick\u00e9 vypr\u00e1v\u011bn\u00ed ze \u017eivota obr\u016f je alegori\u00ed, plnou \u017eert\u00edk\u016f, symbol\u016f, p\u0159esmy\u010dek, vulgarism\u016f, neologism\u016f a dal\u0161\u00edch slovn\u00edch h\u0159\u00ed\u010dek. Krom\u011b povrchn\u00edho, a\u017e doslovn\u00e9ho v\u00fdkladu ji m\u016f\u017eeme \u010d\u00edst i jako pedagogick\u00e1 doporu\u010den\u00ed \u010di soubor n\u00e1vod\u016f pro filosofick\u00e9 a duchovn\u00ed pozn\u00e1n\u00ed. Nap\u0159\u00edklad Chr\u00e1m bo\u017esk\u00e9 Lahvice je hled\u00e1n pomoc\u00ed luceren (=pozn\u00e1n\u00ed). Heslem Bo\u017esk\u00e9 lahvice je &#8222;Trinch!&#8220; (Pij!), co\u017e n\u011bkdo uchop\u00ed doslovn\u011b a pozvedne lahev alkoholu, av\u0161ak jin\u00fd nalezne v\u00fdznam obrazn\u00fd: Pit\u00ed ze studnice v\u011bd\u011bn\u00ed. Podobn\u011b je t\u0159eba p\u0159istoupit k cel\u00e9mu vypr\u00e1v\u011bn\u00ed &#8211; ka\u017ed\u00fd pochop\u00ed tak, jak um\u00ed &#8211; co\u017e je pravidlem thel\u00e9my dodnes.<\/p>\n\n\n\n<p>Opatstv\u00ed Thel\u00e9me, kter\u00e9 hrdinov\u00e9 p\u0159i sv\u00fdch cest\u00e1ch nav\u0161t\u00edv\u00ed, se ne\u0159\u00edd\u00ed z\u00e1kony ani p\u0159edpisy, ale jen svou svobodnou v\u016fl\u00ed. Jejich z\u00e1sadou je: D\u011blej co chce\u0161. Proto\u017ee lidem svobodn\u00fdm jest d\u00e1n osten, kter\u00fd je ustavi\u010dn\u011b pud\u00ed k \u010din\u016fm ctnostn\u00fdm, p\u00ed\u0161e se v knize. Thel\u00e9mit\u00e9 jsou slu\u0161n\u00ed, vkusn\u011b se odm\u00edtaj\u00ed a r\u00e1di se bav\u00ed vymo\u017eenostmi (tehdej\u0161\u00ed) civilizace.<\/p>\n\n\n\n<h2 class=\"wp-block-heading\">Crowley<\/h2>\n\n\n\n<p>N\u00e1zev Opatstv\u00ed thel\u00e9ma si Crowley od Rabelaise vyp\u016fj\u010dil velmi pravd\u011bpodobn\u011b d\u00edky slovu thel\u00e9ma, proto\u017ee i v Knize z\u00e1kona, p\u0159ijat\u00e9 1904, se \u0159\u00edk\u00e1: Slovo z\u00e1kona je thel\u00e9ma (AL I\/39). Tak\u00e9 ale mohly Crowleymu, zn\u00e1m\u00e9mu svou prostop\u00e1\u0161nost\u00ed, u\u010darovat Rabelaisem popisovan\u00e9 voln\u00e9 mravy Popisovan\u00e9 v Rabelaisov\u011b knize, by\u0165 toto by sv\u011bd\u010dilo sp\u00ed\u0161e o povrchn\u00edm ch\u00e1p\u00e1n\u00ed v\u016fle \u010di libosti.<\/p>\n\n\n\n<p>Utopick\u00e1 my\u0161lenka kon\u00e1n\u00ed dle vlastn\u00ed v\u016fle, prezentovan\u00e1 Rabelaisem, byla vzorem pro vznikaj\u00edc\u00ed Crowleyho spole\u010denstv\u00ed, kter\u00e9 m\u011blo nejen slo\u017eit komunitn\u00edmu \u017eivotu, je\u017e by usnad\u0148oval magick\u00e9 pozn\u00e1n\u00ed \u010dlen\u016f, ale m\u011blo b\u00fdt i magickou \u0161kolou, zvanou Collegium ad Spiritum Sanctum a duchovn\u011b-magick\u00fdm centrem. Program komunity byl odvozen od Crowleym navr\u017een\u00e9m v\u00fdcviku v \u0159\u00e1du A\u2234A\u2234, co\u017e je sice protimluv (proto\u017ee v A\u2234A\u2234 se \u010dlenov\u00e9 nem\u011bli vz\u00e1jemn\u011b zn\u00e1t, kde\u017eto v opatstv\u00ed \u0161lo o v\u00fdcvikovou komunitu), ale takov\u00fd u\u017e je Crowley &#8211; pln\u00fd protimluv\u016f. \u010clenov\u00e9 opatstv\u00ed m\u011bli r\u00e1mcov\u011b stanoven\u00fd denn\u00ed program, kde bylo rozvr\u017eeno j\u00f3gov\u00e9 cvi\u010den\u00ed, ritu\u00e1ly, studium ve skupin\u011b i samostudium. Dom\u00e1c\u00ed pr\u00e1ce a p\u00e9\u010de o d\u016fm byly rovnom\u011brn\u011b rozd\u011bleny mezi \u010dleny, tak aby do b\u011bhu opatstv\u00ed nezasahovaly \u017e\u00e1dn\u00e9 vn\u011bj\u0161\u00ed vlivy a studenti se mohli neru\u0161en\u011b v\u011bnovat hled\u00e1n\u00ed sv\u00e9 Prav\u00e9 v\u016fle.<\/p>\n\n\n\n<p>Optastv\u00ed thel\u00e9msk\u00e9 zalo\u017eil Crowley spolu se svou tehdej\u0161\u00ed partnerkou Alostrael (Leah Hirsig) v Cefal\u00f9 na Sic\u00edlii 2. dubna 1920 (n\u011bkde se ud\u00e1v\u00e1 1. duben). Byla to men\u0161\u00ed vilka, stoj\u00edc\u00ed relativn\u011b o samot\u011b. Obvykle na m\u00edst\u011b pob\u00fdvalo 6 a\u017e 8 lid\u00ed (nepoda\u0159ilo se mi ov\u011b\u0159it), kte\u0159\u00ed se prost\u0159\u00edd\u00e1vali &#8211; n\u011bkdo z\u016fstal d\u00e9le, n\u011bkdo kr\u00e1tce. V pl\u00e1nu bylo, \u017ee se m\u00edsto stane magick\u00fdm centrem. Od p\u0159\u00edchoz\u00edch \u017e\u00e1k\u016f se pozd\u011bji m\u011blo vyb\u00edrat \u0161koln\u00e9 a zisky se m\u011bly vyu\u017e\u00edt k propagaci my\u0161lenky thel\u00e9my a vyd\u00e1v\u00e1n\u00ed Crowleyho spis\u016f. Z pl\u00e1n\u016f ale se\u0161lo pot\u00e9, co v opatstv\u00ed zem\u0159el mlad\u00fd mu\u017e (Raoul Loveday) na tyfus proto\u017ee se napil z pramene nedaleko domu &#8211; i p\u0159esto, \u017ee byl varov\u00e1n, aby vodu nepil. Jeho \u017eena (Elisabeth May), kter\u00e1 sama \u00fadajn\u011b byla velmi nadanou studentkou thel\u00e9my, z toho ud\u011blala skand\u00e1l v tisku, kdy\u017e tvrdila, \u017ee Raoul zem\u0159el po ritu\u00e1ln\u00edm pit\u00ed krve ko\u010dky. Na komunitu si pak st\u011b\u017eovali i m\u00edstn\u00ed a nakonec Mussolini vypov\u011bd\u011bl v roce 1923 Crowleyho a Leah z It\u00e1lie.<\/p>\n\n\n\n<h2 class=\"wp-block-heading\">Mal\u00e9 opatstv\u00ed thel\u00e9msk\u00e9<\/h2>\n\n\n\n<p>Opatstv\u00ed thel\u00e9msk\u00e9 vzniklo do ur\u010dit\u00e9 m\u00edry n\u00e1hodou jako odpov\u011b\u010f na slova Matou\u0161ova evangelia: Nebo kde\u017ekoli se dva neb t\u0159i shrom\u00e1\u017ed\u00ed ve jm\u00e9nu m\u00e9m, tam jsem j\u00e1 uprost\u0159ed nich. (Mt. 18, 20). Daleko nejl\u00e9pe lidi sdru\u017e\u00ed spole\u010dn\u00e1 duchovn\u00ed pr\u00e1ce a spole\u010dn\u00fd ritu\u00e1l. A my\u0161lenka p\u016fvodn\u00edho Opatstv\u00ed thel\u00e9msk\u00e9ho je spojena se spole\u010dnou magickou prac\u00ed &#8211; tedy jsme tuto my\u0161lenku vlastn\u011b okop\u00edrovali. Dokonce jsme za\u0161li tak daleko, \u017ee jsme si po\u0159\u00eddili usedlost na odlehl\u00e9m m\u00edst\u011b, by\u0165 ne na sicilsk\u00e9m, ale na moravsk\u00e9m venkov\u011b. Zakl\u00e1dac\u00ed ritu\u00e1l prob\u011bhl ve \u010dtvrtek 11. 9. 2003, 80 let po ukon\u010den\u00ed \u010dinnosti Crowleyho skupiny.<\/p>\n\n\n\n<p>Zat\u00edm na\u0161e Mal\u00e9 opatstv\u00ed nikdo nerozpr\u00e1\u0161il. Za magick\u00fdm pozn\u00e1n\u00edm sice p\u0159ij\u00ed\u017ed\u00ed (s mal\u00fdmi v\u00fdjimkami) jin\u00ed lid\u00e9 ne\u017e na za\u010d\u00e1tku, ale my\u0161lenku thel\u00e9my a magick\u00e9ho centra sebou neseme po\u0159\u00e1d d\u00e1l.<\/p>\n","protected":false},"excerpt":{"rendered":"<p>Opatstv\u00ed thel\u00e9msk\u00e9 m\u00e1 historii kdy\u017e ne bohatou, tak jist\u011b dlouhou. Rabelais Opatstv\u00ed thel\u00e9msk\u00e9 vymyslel v 16. stolet\u00ed francouzsk\u00fd spisovatel Francois<\/p>\n","protected":false},"author":2,"featured_media":0,"parent":0,"menu_order":0,"comment_status":"closed","ping_status":"closed","template":"","meta":{"colormag_page_container_layout":"default_layout","colormag_page_sidebar_layout":"default_layout","footnotes":""},"class_list":["post-32","page","type-page","status-publish","hentry"],"yoast_head":"<!-- This site is optimized with the Yoast SEO plugin v27.4 - https:\/\/yoast.com\/product\/yoast-seo-wordpress\/ -->\n<title>Historie - Mal\u00e9 opatstv\u00ed thel\u00e9msk\u00e9<\/title>\n<meta name=\"description\" content=\"Optastv\u00ed thel\u00e9msk\u00e9 zalo\u017eil Crowley spolu se svou tehdej\u0161\u00ed partnerkou Alostrael (Leah Hirsig) v Cefal\u00f9 na Sic\u00edlii 2. dubna 1920 (n\u011bkde se ud\u00e1v\u00e1 1. duben). Byla to men\u0161\u00ed vilka, stoj\u00edc\u00ed relativn\u011b o samot\u011b.\" \/>\n<meta name=\"robots\" content=\"index, follow, max-snippet:-1, max-image-preview:large, max-video-preview:-1\" \/>\n<link rel=\"canonical\" href=\"https:\/\/opatstvi.magick.cz\/?page_id=32\" \/>\n<meta property=\"og:locale\" content=\"cs_CZ\" \/>\n<meta property=\"og:type\" content=\"article\" \/>\n<meta property=\"og:title\" content=\"Historie - Mal\u00e9 opatstv\u00ed thel\u00e9msk\u00e9\" \/>\n<meta property=\"og:description\" content=\"Optastv\u00ed thel\u00e9msk\u00e9 zalo\u017eil Crowley spolu se svou tehdej\u0161\u00ed partnerkou Alostrael (Leah Hirsig) v Cefal\u00f9 na Sic\u00edlii 2. dubna 1920 (n\u011bkde se ud\u00e1v\u00e1 1. duben). Byla to men\u0161\u00ed vilka, stoj\u00edc\u00ed relativn\u011b o samot\u011b.\" \/>\n<meta property=\"og:url\" content=\"https:\/\/opatstvi.magick.cz\/?page_id=32\" \/>\n<meta property=\"og:site_name\" content=\"Mal\u00e9 opatstv\u00ed thel\u00e9msk\u00e9\" \/>\n<meta property=\"article:modified_time\" content=\"2024-12-12T23:00:00+00:00\" \/>\n<meta name=\"twitter:card\" content=\"summary_large_image\" \/>\n<meta name=\"twitter:label1\" content=\"Odhadovan\u00e1 doba \u010dten\u00ed\" \/>\n\t<meta name=\"twitter:data1\" content=\"4 minuty\" \/>\n<script type=\"application\/ld+json\" class=\"yoast-schema-graph\">{\"@context\":\"https:\\\/\\\/schema.org\",\"@graph\":[{\"@type\":\"WebPage\",\"@id\":\"https:\\\/\\\/opatstvi.magick.cz\\\/?page_id=32\",\"url\":\"https:\\\/\\\/opatstvi.magick.cz\\\/?page_id=32\",\"name\":\"Historie - Mal\u00e9 opatstv\u00ed thel\u00e9msk\u00e9\",\"isPartOf\":{\"@id\":\"https:\\\/\\\/opatstvi.magick.cz\\\/#website\"},\"datePublished\":\"2024-12-02T23:39:00+00:00\",\"dateModified\":\"2024-12-12T23:00:00+00:00\",\"description\":\"Optastv\u00ed thel\u00e9msk\u00e9 zalo\u017eil Crowley spolu se svou tehdej\u0161\u00ed partnerkou Alostrael (Leah Hirsig) v Cefal\u00f9 na Sic\u00edlii 2. dubna 1920 (n\u011bkde se ud\u00e1v\u00e1 1. duben). Byla to men\u0161\u00ed vilka, stoj\u00edc\u00ed relativn\u011b o samot\u011b.\",\"breadcrumb\":{\"@id\":\"https:\\\/\\\/opatstvi.magick.cz\\\/?page_id=32#breadcrumb\"},\"inLanguage\":\"cs\",\"potentialAction\":[{\"@type\":\"ReadAction\",\"target\":[\"https:\\\/\\\/opatstvi.magick.cz\\\/?page_id=32\"]}]},{\"@type\":\"BreadcrumbList\",\"@id\":\"https:\\\/\\\/opatstvi.magick.cz\\\/?page_id=32#breadcrumb\",\"itemListElement\":[{\"@type\":\"ListItem\",\"position\":1,\"name\":\"Dom\u016f\",\"item\":\"https:\\\/\\\/opatstvi.magick.cz\\\/\"},{\"@type\":\"ListItem\",\"position\":2,\"name\":\"Historie\"}]},{\"@type\":\"WebSite\",\"@id\":\"https:\\\/\\\/opatstvi.magick.cz\\\/#website\",\"url\":\"https:\\\/\\\/opatstvi.magick.cz\\\/\",\"name\":\"Mal\u00e9 opatstv\u00ed thel\u00e9msk\u00e9\",\"description\":\"Nez\u00e1visl\u00e1 magick\u00e1 l\u00f3\u017ee\",\"publisher\":{\"@id\":\"https:\\\/\\\/opatstvi.magick.cz\\\/#organization\"},\"potentialAction\":[{\"@type\":\"SearchAction\",\"target\":{\"@type\":\"EntryPoint\",\"urlTemplate\":\"https:\\\/\\\/opatstvi.magick.cz\\\/?s={search_term_string}\"},\"query-input\":{\"@type\":\"PropertyValueSpecification\",\"valueRequired\":true,\"valueName\":\"search_term_string\"}}],\"inLanguage\":\"cs\"},{\"@type\":\"Organization\",\"@id\":\"https:\\\/\\\/opatstvi.magick.cz\\\/#organization\",\"name\":\"Mal\u00e9 opatstv\u00ed thel\u00e9msk\u00e9\",\"url\":\"https:\\\/\\\/opatstvi.magick.cz\\\/\",\"logo\":{\"@type\":\"ImageObject\",\"inLanguage\":\"cs\",\"@id\":\"https:\\\/\\\/opatstvi.magick.cz\\\/#\\\/schema\\\/logo\\\/image\\\/\",\"url\":\"https:\\\/\\\/opatstvi.magick.cz\\\/wp-content\\\/uploads\\\/2024\\\/12\\\/hvezda.jpg\",\"contentUrl\":\"https:\\\/\\\/opatstvi.magick.cz\\\/wp-content\\\/uploads\\\/2024\\\/12\\\/hvezda.jpg\",\"width\":200,\"height\":200,\"caption\":\"Mal\u00e9 opatstv\u00ed thel\u00e9msk\u00e9\"},\"image\":{\"@id\":\"https:\\\/\\\/opatstvi.magick.cz\\\/#\\\/schema\\\/logo\\\/image\\\/\"}}]}<\/script>\n<!-- \/ Yoast SEO plugin. -->","yoast_head_json":{"title":"Historie - Mal\u00e9 opatstv\u00ed thel\u00e9msk\u00e9","description":"Optastv\u00ed thel\u00e9msk\u00e9 zalo\u017eil Crowley spolu se svou tehdej\u0161\u00ed partnerkou Alostrael (Leah Hirsig) v Cefal\u00f9 na Sic\u00edlii 2. dubna 1920 (n\u011bkde se ud\u00e1v\u00e1 1. duben). Byla to men\u0161\u00ed vilka, stoj\u00edc\u00ed relativn\u011b o samot\u011b.","robots":{"index":"index","follow":"follow","max-snippet":"max-snippet:-1","max-image-preview":"max-image-preview:large","max-video-preview":"max-video-preview:-1"},"canonical":"https:\/\/opatstvi.magick.cz\/?page_id=32","og_locale":"cs_CZ","og_type":"article","og_title":"Historie - Mal\u00e9 opatstv\u00ed thel\u00e9msk\u00e9","og_description":"Optastv\u00ed thel\u00e9msk\u00e9 zalo\u017eil Crowley spolu se svou tehdej\u0161\u00ed partnerkou Alostrael (Leah Hirsig) v Cefal\u00f9 na Sic\u00edlii 2. dubna 1920 (n\u011bkde se ud\u00e1v\u00e1 1. duben). Byla to men\u0161\u00ed vilka, stoj\u00edc\u00ed relativn\u011b o samot\u011b.","og_url":"https:\/\/opatstvi.magick.cz\/?page_id=32","og_site_name":"Mal\u00e9 opatstv\u00ed thel\u00e9msk\u00e9","article_modified_time":"2024-12-12T23:00:00+00:00","twitter_card":"summary_large_image","twitter_misc":{"Odhadovan\u00e1 doba \u010dten\u00ed":"4 minuty"},"schema":{"@context":"https:\/\/schema.org","@graph":[{"@type":"WebPage","@id":"https:\/\/opatstvi.magick.cz\/?page_id=32","url":"https:\/\/opatstvi.magick.cz\/?page_id=32","name":"Historie - Mal\u00e9 opatstv\u00ed thel\u00e9msk\u00e9","isPartOf":{"@id":"https:\/\/opatstvi.magick.cz\/#website"},"datePublished":"2024-12-02T23:39:00+00:00","dateModified":"2024-12-12T23:00:00+00:00","description":"Optastv\u00ed thel\u00e9msk\u00e9 zalo\u017eil Crowley spolu se svou tehdej\u0161\u00ed partnerkou Alostrael (Leah Hirsig) v Cefal\u00f9 na Sic\u00edlii 2. dubna 1920 (n\u011bkde se ud\u00e1v\u00e1 1. duben). Byla to men\u0161\u00ed vilka, stoj\u00edc\u00ed relativn\u011b o samot\u011b.","breadcrumb":{"@id":"https:\/\/opatstvi.magick.cz\/?page_id=32#breadcrumb"},"inLanguage":"cs","potentialAction":[{"@type":"ReadAction","target":["https:\/\/opatstvi.magick.cz\/?page_id=32"]}]},{"@type":"BreadcrumbList","@id":"https:\/\/opatstvi.magick.cz\/?page_id=32#breadcrumb","itemListElement":[{"@type":"ListItem","position":1,"name":"Dom\u016f","item":"https:\/\/opatstvi.magick.cz\/"},{"@type":"ListItem","position":2,"name":"Historie"}]},{"@type":"WebSite","@id":"https:\/\/opatstvi.magick.cz\/#website","url":"https:\/\/opatstvi.magick.cz\/","name":"Mal\u00e9 opatstv\u00ed thel\u00e9msk\u00e9","description":"Nez\u00e1visl\u00e1 magick\u00e1 l\u00f3\u017ee","publisher":{"@id":"https:\/\/opatstvi.magick.cz\/#organization"},"potentialAction":[{"@type":"SearchAction","target":{"@type":"EntryPoint","urlTemplate":"https:\/\/opatstvi.magick.cz\/?s={search_term_string}"},"query-input":{"@type":"PropertyValueSpecification","valueRequired":true,"valueName":"search_term_string"}}],"inLanguage":"cs"},{"@type":"Organization","@id":"https:\/\/opatstvi.magick.cz\/#organization","name":"Mal\u00e9 opatstv\u00ed thel\u00e9msk\u00e9","url":"https:\/\/opatstvi.magick.cz\/","logo":{"@type":"ImageObject","inLanguage":"cs","@id":"https:\/\/opatstvi.magick.cz\/#\/schema\/logo\/image\/","url":"https:\/\/opatstvi.magick.cz\/wp-content\/uploads\/2024\/12\/hvezda.jpg","contentUrl":"https:\/\/opatstvi.magick.cz\/wp-content\/uploads\/2024\/12\/hvezda.jpg","width":200,"height":200,"caption":"Mal\u00e9 opatstv\u00ed thel\u00e9msk\u00e9"},"image":{"@id":"https:\/\/opatstvi.magick.cz\/#\/schema\/logo\/image\/"}}]}},"_links":{"self":[{"href":"https:\/\/opatstvi.magick.cz\/index.php?rest_route=\/wp\/v2\/pages\/32","targetHints":{"allow":["GET"]}}],"collection":[{"href":"https:\/\/opatstvi.magick.cz\/index.php?rest_route=\/wp\/v2\/pages"}],"about":[{"href":"https:\/\/opatstvi.magick.cz\/index.php?rest_route=\/wp\/v2\/types\/page"}],"author":[{"embeddable":true,"href":"https:\/\/opatstvi.magick.cz\/index.php?rest_route=\/wp\/v2\/users\/2"}],"replies":[{"embeddable":true,"href":"https:\/\/opatstvi.magick.cz\/index.php?rest_route=%2Fwp%2Fv2%2Fcomments&post=32"}],"version-history":[{"count":5,"href":"https:\/\/opatstvi.magick.cz\/index.php?rest_route=\/wp\/v2\/pages\/32\/revisions"}],"predecessor-version":[{"id":99,"href":"https:\/\/opatstvi.magick.cz\/index.php?rest_route=\/wp\/v2\/pages\/32\/revisions\/99"}],"wp:attachment":[{"href":"https:\/\/opatstvi.magick.cz\/index.php?rest_route=%2Fwp%2Fv2%2Fmedia&parent=32"}],"curies":[{"name":"wp","href":"https:\/\/api.w.org\/{rel}","templated":true}]}}